391
In base 12, what is -59 - 16952?
-169ab
In base 4, what is -210321101330 - 2?
-210321101332
In base 8, what is -166 - 311540?
-311726
In base 14, what is 1 + -45421b?
-45421a
In base 2, what is 1001101010001000 + -11101?
1001101001101011
In base 8, what is -70473 - -332?
-70141
In base 2, what is 10010111111110011011 - 1000100?
10010111111101010111
In base 15, what is -4772621d + -2?
-47726220
In base 14, what is -394a3 - 3c?
-39501
In base 10, what is 2400 + -1662?
738
In base 9, what is 2787 + 161777?
164675
In base 15, what is -e522 + 351?
-e1c1
In base 11, what is 10 - -4a473aa?
4a4740a
In base 13, what is -542 - 598a?
-61cc
In base 10, what is 86995 - 44?
86951
In base 9, what is 55122 - 251?
54761
In base 8, what is -1525 - 356275?
-360022
In base 9, what is 10 + -17368534?
-17368524
In base 3, what is -21100002 - 11010100?
-102110102
In base 10, what is 35637 - 560?
35077
In base 14, what is -1247426c - 5?
-12474273
In base 2, what is 111101011 + -1000001110011?
-111010001000
In base 9, what is -14710013 - 155?
-14710168
In base 4, what is 211320101103 - 2?
211320101101
In base 4, what is 20103301303131 - -10?
20103301303201
In base 14, what is -5005 - c27?
-5c2c
In base 13, what is -4 + -15158b5?
-15158b9
In base 10, what is 156 + 284224?
284380
In base 3, what is 1020100200 - -210020202?
2000121102
In base 16, what is 3903b0 - -9?
3903b9
In base 2, what is -100000010101110001001 - -10001?
-100000010101101111000
In base 10, what is 14 + 2169440?
2169454
In base 3, what is -1002111011000 - -121?
-1002111010102
In base 2, what is -11 + 10011000001010100011001111100?
10011000001010100011001111001
In base 16, what is -59 - -d6d3?
d67a
In base 11, what is -a + 727504?
7274a5
In base 8, what is -105203 + -1255?
-106460
In base 5, what is -3 + 30112323423?
30112323420
In base 16, what is 5ba149d7 + 4?
5ba149db
In base 3, what is -120110 - -10220212200022?
10220212002212
In base 13, what is 3 - -56b760b?
56b7611
In base 8, what is -3 + -30141744?
-30141747
In base 8, what is -66460 - -5764?
-60474
In base 2, what is 10100111111100101110 + 110000?
10100111111101011110
In base 2, what is -1011110111111101101100 + 1001100?
-1011110111111100100000
In base 2, what is 10101000011101001111 - -10000?
10101000011101011111
In base 3, what is 11 + -22122121112200?
-22122121112112
In base 6, what is -1321 - 231153?
-232514
In base 10, what is -143 + -617818?
-617961
In base 3, what is 2121 - -211020221120?
211021001011
In base 5, what is -1100 - 22302322?
-22303422
In base 15, what is 3557 - -36b?
38c3
In base 12, what is 1668 - -75a41?
774a9
In base 5, what is -3232241334 + -10?
-3232241344
In base 16, what is -14 + -8c4fa?
-8c50e
In base 2, what is 1111001111100 + 1010000110010?
11001010101110
In base 6, what is 111211 + -20231?
50540
In base 15, what is 56b99 + b7?
56c61
In base 5, what is 223 - -2432140030?
2432140303
In base 8, what is 1564 - 2122020?
-2120234
In base 14, what is -5b987 + -760?
-5c307
In base 11, what is 9 - -73430a?
734318
In base 13, what is 14b9 - bb891?
-ba3a5
In base 12, what is 1297885 - 1?
1297884
In base 12, what is 446851 - -a?
44685b
In base 7, what is 5004 - 5212?
-205
In base 3, what is 200112 - 110011102121?
-110010202002
In base 6, what is 0 + 1335224502?
1335224502
In base 15, what is 2b6b2 - 445?
2b26c
In base 4, what is 2200210221303 - -10?
2200210221313
In base 9, what is 2316 + 3377?
5704
In base 10, what is -944 + 824?
-120
In base 9, what is -50 + 2718745?
2718685
In base 12, what is -6a0b055 - 4?
-6a0b059
In base 10, what is -103 + 104339?
104236
In base 11, what is 332a - -187a?
50a9
In base 9, what is -458 - -445088?
444530
In base 12, what is -5 - -a3790?
a3787
In base 7, what is 1042001555 + 2?
1042001560
In base 2, what is 100 - 110011101001010001?
-110011101001001101
In base 4, what is 1030 + -303220130222?
-303220123132
In base 16, what is a74 - -306c?
3ae0
In base 10, what is 1 - -6719275?
6719276
In base 4, what is -20001320222312 + -1?
-20001320222313
In base 12, what is -2b500 - -61?
-2b45b
In base 7, what is 4255 + -306415?
-302130
In base 15, what is 19 - 414824?
-41480a
In base 13, what is 62b9c + 1?
62ba0
In base 15, what is -38 - -b20b9?
b2081
In base 8, what is 61512 - -100?
61612
In base 9, what is -211546 + -1305?
-212852
In base 15, what is -23341 - -28d?
-230a3
In base 10, what is 526806 + -1786?
525020
In base 12, what is 5729 - -162?
588b
In base 5, what is -2302140233 - 0?
-2302140233
In base 5, what is 100 - 1414022?
-1413422
In base 8, what is 735 + -3425674?
-3424737
In base 14, what is -13c34c + 0?
-13c34c
In base 2, what is 1000110100110 + -101010101110?
11011111000
In base 11, what is -4 - 1742a2181?
-1742a2185
In base 15, what is 4 - 44a6b98?
-44a6b94
In base 4, what is -212 - -333001300?
333001022
In base 16, what is -468 - -570?
108
In base 14, what is 1c4565 + -4?
1c4561
In base 2, what is -1111 - -11110010000010100111010101?
11110010000010100111000110
In base 2, what is -1 + 10001001101110011000?
10001001101110010111
In base 8, what is 2161 - -10173?
12354
In base 6, what is 25551015 - 12?
25551003
In base 7, what is 101253 + -25636?
42314
In base 3, what is 1202111111112121 - -101?
1202111111112222
In base 15, what is 2 + -282d80?
-282d7d
In base 14, what is 5 + -bb3256?
-bb3251
In base 10, what is -27994 - 9814?
-37808
In base 8, what is 570666 + 50?
570736
In base 7, what is -210134 + -1034?
-211201
In base 4, what is -30013000223 - -1?
-30013000222
In base 12, what is 91719 - 112?
91607
In base 12, what is 0 - 44308ba2?
-44308ba2
In base 14, what is 14 - 17cac53?
-17cac3d
In base 16, what is -619 + 4350?
3d37
In base 14, what is 30 + 39229d?
3922cd
In base 10, what is 1 + -1386988?
-1386987
In base 14, what is 0 - 555b1a?
-555b1a
In base 10, what is -40462 + 599?
-39863
In base 16, what is 0 - 279df?
-279df
In base 2, what is -10111100100101100000 + -10010?
-10111100100101110010
In base 3, what is 2000202112101 + 21000?
2000202210101
In base 2, what is 1000 + -1001111000010110111011101101?
-1001111000010110111011100101
In base 4, what is 21330222 - -1020021?
23010303
In base 12, what is 69a92 + 152?
6a024
In base 15, what is -11 - 5552b?
-5553c
In base 15, what is -1a + -391ee6?
-392011
In base 12, what is -215 - -13948?
13733
In base 13, what is -5 - 947ba3?
-947ba8
In base 10, what is -1640381 + -74?
-1640455
In base 13, what is -226a86 + 45?
-226a41
In base 13, what is 834 - 4ab6?
-4282
In base 4, what is -32311200 + -11322?
-32323122
In base 8, what is -20671 - 43315?
-64206
In base 6, what is -1340 - -143201?
141421
In base 13, what is -123 + -56c72?
-57095
In base 11, what is -594086 - -141?
-593a45
In base 13, what is 1295 - 41?
1254
In base 8, what is -36104034 - 1?
-36104035
In base 9, what is -2607766 - -764?
-2607002
In base 5, what is 4 - 1133424240?
-1133424231
In base 6, what is 4052 + -2131335?
-2123243
In base 12, what is -32 + -22997ba?
-2299830
In base 13, what is 1 - -8a188a6?
8a188a7
In base 15, what is 1306d + -6c7?
12896
In base 12, what is 8 + -1705619?
-1705611
In base 12, what is 20b + -2604a?
-25a3b
In base 14, what is 2997 + -73b1?
-4818
In base 11, what is 1a2a767 + 5?
1a2a771
In base 5, what is -144034 - 30111?
-224200
In base 13, what is -745a41 - -12?
-745a2c
In base 8, what is -40771350 - -21?
-40771327
In base 11, what is 5722a501 - 4?
5722a4a8
In base 5, what is -1022 - -32331421?
32330344
In base 10, what is -25 + -3852319?
-3852344
In base 10, what is -7133638 - -3?
-7133635
In base 7, what is -12221 - 43634?
-56155
In base 12, what is 1a - 1768b6?
-176898
In base 15, what is 1d2dbd - -78?
1d2e46
In base 15, what is 12cd6 - -14a9?
14290
In base 10, what is -16 + 5712239?
5712223
In base 4, what is 122111202121120 - -11?
122111202121131
In base 10, what is 407 - -32269?
32676
In base 14, what is 5 - -120a16?
120a1b
In base 10, what is 262 - 361388?
-361126
In base 5, what is 23143201321 + 2?
23143201323
In base 8, what is 5031 + 32460?
37511
In base 6, what is 43 - 523251115?
-523251032
In base 9, what is -714 + 12118?
11304
In base 11, what is 4a310 + -45?
4a276
In base 15, what is -19ed4c + -1?
-19ed4d
In base 4, what is -213303032203 + -2?
-213303032211
In base 16, what is 11c8 - 1f26?
-d5e
In base 10, what is -1789265 + -223?
